{"id":255,"date":"2020-04-22T12:59:05","date_gmt":"2020-04-22T15:59:05","guid":{"rendered":"http:\/\/localhost\/institutoliberdadedigital\/site\/?page_id=255"},"modified":"2022-07-29T12:57:54","modified_gmt":"2022-07-29T15:57:54","slug":"formacao","status":"publish","type":"page","link":"https:\/\/www.institutoliberdadedigital.com.br\/site\/formacao\/","title":{"rendered":"FORMA\u00c7\u00c3O"},"content":{"rendered":"\n<p>Em tempos digitais muitos debates s\u00e3o polarizados, a desinforma\u00e7\u00e3o invade lares sem pedir licen\u00e7a. \u00c9 necess\u00e1rio travar di\u00e1logos nos quais voc\u00ea n\u00e3o queira concordar ou escutar. \u00c9 preciso concordar em discordar e respeitar os diversos pontos de vista sobre um mesmo assunto.<\/p>\n\n\n\n<p>Em educa\u00e7\u00e3o como pr\u00e1tica da liberdade, Paulo freire j\u00e1 lecionava: \u201cPara falarmos em um regime democr\u00e1tico, devemos passar pela transitividade cr\u00edtica, correspondendo a formas de vida imperme\u00e1veis, interrogadoras, inquietas e dialogais em oposi\u00e7\u00e3o as formas de vida \u201cmudas\u201d e quietas\u201d.<\/p>\n\n\n\n<p>\u00c9 isso. Instigar a discuss\u00e3o. Esse \u00e9 o nosso prop\u00f3sito. Aqui voc\u00ea encontrar\u00e1 um aux\u00edlio para conhecer mais sobre temas relacionados a \u00e1rea de pesquisa do ILD. Acreditamos que a educa\u00e7\u00e3o tem de ser fluida, conectada com a nossa realidade e integrada ao nosso tempo e espa\u00e7o. Queremos provocar a reflex\u00e3o e o interesse pela pesquisa. O empoderamento dos cidad\u00e3os de todas as idades para contribu\u00edrem com a liberdade digital e o a promo\u00e7\u00e3o dos direitos humanos.<\/p>\n\n\n\n<p>Fique ligado nas novidades!<\/p>\n\n\n\n<figure class=\"wp-block-image size-large is-resized is-style-rounded\"><img src=\"http:\/\/www.institutoliberdadedigital.com.br\/site\/wp-content\/uploads\/2020\/12\/EQUIPE-SITE.png\" alt=\"\" class=\"wp-image-1104\" width=\"1080\" height=\"410\" srcset=\"https:\/\/www.institutoliberdadedigital.com.br\/site\/wp-content\/uploads\/2020\/12\/EQUIPE-SITE.png 1025w, https:\/\/www.institutoliberdadedigital.com.br\/site\/wp-content\/uploads\/2020\/12\/EQUIPE-SITE-600x228.png 600w, https:\/\/www.institutoliberdadedigital.com.br\/site\/wp-content\/uploads\/2020\/12\/EQUIPE-SITE-768x292.png 768w\" sizes=\"(max-width: 1080px) 100vw, 1080px\" \/><\/figure>\n\n\n\n<p>* Para maiores informa\u00e7\u00f5es, acesse o post do <a href=\"http:\/\/www.institutoliberdadedigital.com.br\/site\/2020\/05\/privacidadeedados\/\">Curso de Direito Eleitoral Digital<\/a> e o do <a href=\"http:\/\/www.institutoliberdadedigital.com.br\/site\/2020\/10\/cursodedireitoeleitoraldigital\/\">Curso &nbsp;Direito Eleitoral Digital para Jornalistas.<\/a><\/p>\n\n\n\n<figure class=\"wp-block-image size-large is-resized is-style-rounded\"><img src=\"http:\/\/www.institutoliberdadedigital.com.br\/site\/wp-content\/uploads\/2022\/07\/PROGRAMA-edited-1.jpg\" alt=\"\" class=\"wp-image-1859\" width=\"1088\" height=\"605\"\/><figcaption>* Para maiores informa\u00e7\u00f5es, acesse <a href=\"http:\/\/www.institutoliberdadedigital.com.br\/site\/2020\/11\/programa-de-fellowship-2020-1\/\">o post do programa de Fellowship<\/a>.  <\/figcaption><\/figure>\n\n\n\n<figure class=\"wp-block-image size-large is-resized\"><img src=\"http:\/\/www.institutoliberdadedigital.com.br\/site\/wp-content\/uploads\/2022\/07\/PROGRAMA-1-edited.jpg\" alt=\"\" class=\"wp-image-1861\" width=\"1087\" height=\"609\" srcset=\"https:\/\/www.institutoliberdadedigital.com.br\/site\/wp-content\/uploads\/2022\/07\/PROGRAMA-1-edited.jpg 1697w, https:\/\/www.institutoliberdadedigital.com.br\/site\/wp-content\/uploads\/2022\/07\/PROGRAMA-1-edited-600x337.jpg 600w, https:\/\/www.institutoliberdadedigital.com.br\/site\/wp-content\/uploads\/2022\/07\/PROGRAMA-1-edited-1024x575.jpg 1024w, https:\/\/www.institutoliberdadedigital.com.br\/site\/wp-content\/uploads\/2022\/07\/PROGRAMA-1-edited-768x431.jpg 768w, https:\/\/www.institutoliberdadedigital.com.br\/site\/wp-content\/uploads\/2022\/07\/PROGRAMA-1-edited-1320x741.jpg 1320w\" sizes=\"(max-width: 1087px) 100vw, 1087px\" \/><figcaption>* Para maiores informa\u00e7\u00f5es, acesse o post do <a href=\"http:\/\/www.institutoliberdadedigital.com.br\/site\/2021\/09\/curso-o-golpe-ta-ai-cai-quem-quer\/\">curso o golpe t\u00e1<\/a><br><a href=\"http:\/\/www.institutoliberdadedigital.com.br\/site\/2021\/09\/curso-o-golpe-ta-ai-cai-quem-quer\/\"> a\u00ed cai quem quer<\/a><\/figcaption><\/figure>\n\n\n\n<figure class=\"wp-block-image\"><img alt=\"\"\/><\/figure>\n","protected":false},"excerpt":{"rendered":"<p>Em tempos digitais muitos debates s\u00e3o polarizados, a desinforma\u00e7\u00e3o invade lares sem pedir licen\u00e7a. \u00c9 necess\u00e1rio travar di\u00e1logos nos quais voc\u00ea n\u00e3o queira concordar ou escutar. \u00c9 preciso concordar em discordar e respeitar os diversos pontos de vista sobre um <a class=\"read_more\" href=\"https:\/\/www.institutoliberdadedigital.com.br\/site\/formacao\/\" style=\"display: none;\"> Read more<\/a><\/p>\n","protected":false},"author":3,"featured_media":0,"parent":0,"menu_order":0,"comment_status":"closed","ping_status":"closed","template":"page-padrao.php","meta":[],"acf":[],"yoast_head":"<!-- This site is optimized with the Yoast SEO plugin v19.6 - https:\/\/yoast.com\/wordpress\/plugins\/seo\/ -->\n<title>FORMA\u00c7\u00c3O - Instituto Liberdade Digital<\/title>\n<meta name=\"robots\" content=\"index, follow, max-snippet:-1, max-image-preview:large, max-video-preview:-1\" \/>\n<link rel=\"canonical\" href=\"https:\/\/www.institutoliberdadedigital.com.br\/site\/formacao\/\" \/>\n<meta property=\"og:locale\" content=\"pt_BR\" \/>\n<meta property=\"og:type\" content=\"article\" \/>\n<meta property=\"og:title\" content=\"FORMA\u00c7\u00c3O - Instituto Liberdade Digital\" \/>\n<meta property=\"og:description\" content=\"Em tempos digitais muitos debates s\u00e3o polarizados, a desinforma\u00e7\u00e3o invade lares sem pedir licen\u00e7a. \u00c9 necess\u00e1rio travar di\u00e1logos nos quais voc\u00ea n\u00e3o queira concordar ou escutar. \u00c9 preciso concordar em discordar e respeitar os diversos pontos de vista sobre um Read more\" \/>\n<meta property=\"og:url\" content=\"https:\/\/www.institutoliberdadedigital.com.br\/site\/formacao\/\" \/>\n<meta property=\"og:site_name\" content=\"Instituto Liberdade Digital\" \/>\n<meta property=\"article:publisher\" content=\"https:\/\/www.facebook.com\/Institutoliberdadedigital\/\" \/>\n<meta property=\"article:modified_time\" content=\"2022-07-29T15:57:54+00:00\" \/>\n<meta property=\"og:image\" content=\"http:\/\/www.institutoliberdadedigital.com.br\/site\/wp-content\/uploads\/2020\/12\/EQUIPE-SITE.png\" \/>\n<meta name=\"twitter:card\" content=\"summary\" \/>\n<meta name=\"twitter:site\" content=\"@InstitutoLD\" \/>\n<meta name=\"twitter:label1\" content=\"Est. tempo de leitura\" \/>\n\t<meta name=\"twitter:data1\" content=\"1 minuto\" \/>\n<script type=\"application\/ld+json\" class=\"yoast-schema-graph\">{\"@context\":\"https:\/\/schema.org\",\"@graph\":[{\"@type\":\"WebPage\",\"@id\":\"https:\/\/www.institutoliberdadedigital.com.br\/site\/formacao\/\",\"url\":\"https:\/\/www.institutoliberdadedigital.com.br\/site\/formacao\/\",\"name\":\"FORMA\u00c7\u00c3O - Instituto Liberdade Digital\",\"isPartOf\":{\"@id\":\"https:\/\/www.institutoliberdadedigital.com.br\/site\/#website\"},\"datePublished\":\"2020-04-22T15:59:05+00:00\",\"dateModified\":\"2022-07-29T15:57:54+00:00\",\"breadcrumb\":{\"@id\":\"https:\/\/www.institutoliberdadedigital.com.br\/site\/formacao\/#breadcrumb\"},\"inLanguage\":\"pt-BR\",\"potentialAction\":[{\"@type\":\"ReadAction\",\"target\":[\"https:\/\/www.institutoliberdadedigital.com.br\/site\/formacao\/\"]}]},{\"@type\":\"BreadcrumbList\",\"@id\":\"https:\/\/www.institutoliberdadedigital.com.br\/site\/formacao\/#breadcrumb\",\"itemListElement\":[{\"@type\":\"ListItem\",\"position\":1,\"name\":\"In\u00edcio\",\"item\":\"https:\/\/www.institutoliberdadedigital.com.br\/site\/\"},{\"@type\":\"ListItem\",\"position\":2,\"name\":\"FORMA\u00c7\u00c3O\"}]},{\"@type\":\"WebSite\",\"@id\":\"https:\/\/www.institutoliberdadedigital.com.br\/site\/#website\",\"url\":\"https:\/\/www.institutoliberdadedigital.com.br\/site\/\",\"name\":\"Instituto Liberdade Digital\",\"description\":\"\",\"publisher\":{\"@id\":\"https:\/\/www.institutoliberdadedigital.com.br\/site\/#organization\"},\"potentialAction\":[{\"@type\":\"SearchAction\",\"target\":{\"@type\":\"EntryPoint\",\"urlTemplate\":\"https:\/\/www.institutoliberdadedigital.com.br\/site\/?s={search_term_string}\"},\"query-input\":\"required name=search_term_string\"}],\"inLanguage\":\"pt-BR\"},{\"@type\":\"Organization\",\"@id\":\"https:\/\/www.institutoliberdadedigital.com.br\/site\/#organization\",\"name\":\"Instituto Liberdade Digital\",\"url\":\"https:\/\/www.institutoliberdadedigital.com.br\/site\/\",\"sameAs\":[\"https:\/\/instagram.com\/institutoliberdadedigital?igshid=1xyjdem24x4db\",\"https:\/\/www.linkedin.com\/company\/institutoliberdadedigital\",\"https:\/\/www.youtube.com\/channel\/UCWxG8jDEsVd9ikHEzlHnhxw\",\"https:\/\/www.facebook.com\/Institutoliberdadedigital\/\",\"https:\/\/twitter.com\/InstitutoLD\"],\"logo\":{\"@type\":\"ImageObject\",\"inLanguage\":\"pt-BR\",\"@id\":\"https:\/\/www.institutoliberdadedigital.com.br\/site\/#\/schema\/logo\/image\/\",\"url\":\"http:\/\/www.institutoliberdadedigital.com.br\/site\/wp-content\/uploads\/2021\/10\/logotipo-big.png\",\"contentUrl\":\"http:\/\/www.institutoliberdadedigital.com.br\/site\/wp-content\/uploads\/2021\/10\/logotipo-big.png\",\"width\":1080,\"height\":1080,\"caption\":\"Instituto Liberdade Digital\"},\"image\":{\"@id\":\"https:\/\/www.institutoliberdadedigital.com.br\/site\/#\/schema\/logo\/image\/\"}}]}<\/script>\n<!-- \/ Yoast SEO plugin. -->","yoast_head_json":{"title":"FORMA\u00c7\u00c3O - Instituto Liberdade Digital","robots":{"index":"index","follow":"follow","max-snippet":"max-snippet:-1","max-image-preview":"max-image-preview:large","max-video-preview":"max-video-preview:-1"},"canonical":"https:\/\/www.institutoliberdadedigital.com.br\/site\/formacao\/","og_locale":"pt_BR","og_type":"article","og_title":"FORMA\u00c7\u00c3O - Instituto Liberdade Digital","og_description":"Em tempos digitais muitos debates s\u00e3o polarizados, a desinforma\u00e7\u00e3o invade lares sem pedir licen\u00e7a. \u00c9 necess\u00e1rio travar di\u00e1logos nos quais voc\u00ea n\u00e3o queira concordar ou escutar. \u00c9 preciso concordar em discordar e respeitar os diversos pontos de vista sobre um Read more","og_url":"https:\/\/www.institutoliberdadedigital.com.br\/site\/formacao\/","og_site_name":"Instituto Liberdade Digital","article_publisher":"https:\/\/www.facebook.com\/Institutoliberdadedigital\/","article_modified_time":"2022-07-29T15:57:54+00:00","og_image":[{"url":"http:\/\/www.institutoliberdadedigital.com.br\/site\/wp-content\/uploads\/2020\/12\/EQUIPE-SITE.png"}],"twitter_card":"summary","twitter_site":"@InstitutoLD","twitter_misc":{"Est. tempo de leitura":"1 minuto"},"schema":{"@context":"https:\/\/schema.org","@graph":[{"@type":"WebPage","@id":"https:\/\/www.institutoliberdadedigital.com.br\/site\/formacao\/","url":"https:\/\/www.institutoliberdadedigital.com.br\/site\/formacao\/","name":"FORMA\u00c7\u00c3O - Instituto Liberdade Digital","isPartOf":{"@id":"https:\/\/www.institutoliberdadedigital.com.br\/site\/#website"},"datePublished":"2020-04-22T15:59:05+00:00","dateModified":"2022-07-29T15:57:54+00:00","breadcrumb":{"@id":"https:\/\/www.institutoliberdadedigital.com.br\/site\/formacao\/#breadcrumb"},"inLanguage":"pt-BR","potentialAction":[{"@type":"ReadAction","target":["https:\/\/www.institutoliberdadedigital.com.br\/site\/formacao\/"]}]},{"@type":"BreadcrumbList","@id":"https:\/\/www.institutoliberdadedigital.com.br\/site\/formacao\/#breadcrumb","itemListElement":[{"@type":"ListItem","position":1,"name":"In\u00edcio","item":"https:\/\/www.institutoliberdadedigital.com.br\/site\/"},{"@type":"ListItem","position":2,"name":"FORMA\u00c7\u00c3O"}]},{"@type":"WebSite","@id":"https:\/\/www.institutoliberdadedigital.com.br\/site\/#website","url":"https:\/\/www.institutoliberdadedigital.com.br\/site\/","name":"Instituto Liberdade Digital","description":"","publisher":{"@id":"https:\/\/www.institutoliberdadedigital.com.br\/site\/#organization"},"potentialAction":[{"@type":"SearchAction","target":{"@type":"EntryPoint","urlTemplate":"https:\/\/www.institutoliberdadedigital.com.br\/site\/?s={search_term_string}"},"query-input":"required name=search_term_string"}],"inLanguage":"pt-BR"},{"@type":"Organization","@id":"https:\/\/www.institutoliberdadedigital.com.br\/site\/#organization","name":"Instituto Liberdade Digital","url":"https:\/\/www.institutoliberdadedigital.com.br\/site\/","sameAs":["https:\/\/instagram.com\/institutoliberdadedigital?igshid=1xyjdem24x4db","https:\/\/www.linkedin.com\/company\/institutoliberdadedigital","https:\/\/www.youtube.com\/channel\/UCWxG8jDEsVd9ikHEzlHnhxw","https:\/\/www.facebook.com\/Institutoliberdadedigital\/","https:\/\/twitter.com\/InstitutoLD"],"logo":{"@type":"ImageObject","inLanguage":"pt-BR","@id":"https:\/\/www.institutoliberdadedigital.com.br\/site\/#\/schema\/logo\/image\/","url":"http:\/\/www.institutoliberdadedigital.com.br\/site\/wp-content\/uploads\/2021\/10\/logotipo-big.png","contentUrl":"http:\/\/www.institutoliberdadedigital.com.br\/site\/wp-content\/uploads\/2021\/10\/logotipo-big.png","width":1080,"height":1080,"caption":"Instituto Liberdade Digital"},"image":{"@id":"https:\/\/www.institutoliberdadedigital.com.br\/site\/#\/schema\/logo\/image\/"}}]}},"_links":{"self":[{"href":"https:\/\/www.institutoliberdadedigital.com.br\/site\/wp-json\/wp\/v2\/pages\/255"}],"collection":[{"href":"https:\/\/www.institutoliberdadedigital.com.br\/site\/wp-json\/wp\/v2\/pages"}],"about":[{"href":"https:\/\/www.institutoliberdadedigital.com.br\/site\/wp-json\/wp\/v2\/types\/page"}],"author":[{"embeddable":true,"href":"https:\/\/www.institutoliberdadedigital.com.br\/site\/wp-json\/wp\/v2\/users\/3"}],"replies":[{"embeddable":true,"href":"https:\/\/www.institutoliberdadedigital.com.br\/site\/wp-json\/wp\/v2\/comments?post=255"}],"version-history":[{"count":23,"href":"https:\/\/www.institutoliberdadedigital.com.br\/site\/wp-json\/wp\/v2\/pages\/255\/revisions"}],"predecessor-version":[{"id":1868,"href":"https:\/\/www.institutoliberdadedigital.com.br\/site\/wp-json\/wp\/v2\/pages\/255\/revisions\/1868"}],"wp:attachment":[{"href":"https:\/\/www.institutoliberdadedigital.com.br\/site\/wp-json\/wp\/v2\/media?parent=255"}],"curies":[{"name":"wp","href":"https:\/\/api.w.org\/{rel}","templated":true}]}}